{"id":1250,"date":"2024-11-27T08:36:18","date_gmt":"2024-11-27T08:36:18","guid":{"rendered":"https:\/\/boatmanboat.fr\/?page_id=1250"},"modified":"2024-11-28T10:48:42","modified_gmt":"2024-11-28T10:48:42","slug":"boatman-fighter","status":"publish","type":"page","link":"https:\/\/boatmanboat.fr\/?page_id=1250","title":{"rendered":"Boatman Fighter"},"content":{"rendered":"\n<div data-block-name=\"woocommerce\/single-product\" data-product-id=\"1546\" data-wp-context=\"{&quot;productId&quot;:1546,&quot;variationId&quot;:null}\" data-wp-interactive=\"woocommerce\/single-product\" class=\"wp-block-woocommerce-single-product woocommerce\">\n<div class=\"wp-block-columns is-layout-flex wp-container-core-columns-is-layout-9d6595d7 wp-block-columns-is-layout-flex\">\n<div class=\"wp-block-column is-layout-flow wp-block-column-is-layout-flow\"><div data-block-name=\"woocommerce\/product-image\" data-is-descendent-of-single-product-block=\"true\" data-show-sale-badge=\"false\" class=\"wc-block-components-product-image wc-block-grid__product-image wc-block-components-product-image--aspect-ratio-auto wp-block-woocommerce-product-image\"><a href=\"https:\/\/boatmanboat.fr\/?product=fighter\" style=\"\" data-wp-on--click=\"woocommerce\/product-collection::actions.viewProduct\"><img fetchpriority=\"high\" decoding=\"async\" width=\"600\" height=\"600\" src=\"https:\/\/boatmanboat.fr\/wp-content\/uploads\/2024\/11\/Fighter-Camou-side-600x600.jpg\" class=\"attachment-woocommerce_single size-woocommerce_single\" alt=\"Fighter\" data-testid=\"product-image\" data-image-id=\"1257\" style=\"object-fit:cover;\" srcset=\"https:\/\/boatmanboat.fr\/wp-content\/uploads\/2024\/11\/Fighter-Camou-side-600x600.jpg 600w, https:\/\/boatmanboat.fr\/wp-content\/uploads\/2024\/11\/Fighter-Camou-side-300x300.jpg 300w, https:\/\/boatmanboat.fr\/wp-content\/uploads\/2024\/11\/Fighter-Camou-side-150x150.jpg 150w, https:\/\/boatmanboat.fr\/wp-content\/uploads\/2024\/11\/Fighter-Camou-side-768x768.jpg 768w, https:\/\/boatmanboat.fr\/wp-content\/uploads\/2024\/11\/Fighter-Camou-side-100x100.jpg 100w, https:\/\/boatmanboat.fr\/wp-content\/uploads\/2024\/11\/Fighter-Camou-side.jpg 1000w\" sizes=\"(max-width: 600px) 100vw, 600px\" \/><div class=\"wc-block-components-product-image__inner-container\"><\/div><\/a><\/div><\/div>\n\n\n\n<div class=\"wp-block-column is-layout-flow wp-block-column-is-layout-flow\"><h2 class=\"wp-block-post-title\"><a href=\"https:\/\/boatmanboat.fr\/?product=fighter\" target=\"_self\" >Fighter<\/a><\/h2>\n\n\n\n<div data-block-name=\"woocommerce\/product-price\" data-is-descendent-of-single-product-block=\"true\" class=\"wp-block-woocommerce-product-price\" ><div class=\"wc-block-components-product-price wc-block-grid__product-price\" >\n\t\t\t\t\t<span class=\"woocommerce-Price-amount amount\"><bdi><span class=\"woocommerce-Price-currencySymbol\">&euro;<\/span>&nbsp;1.699,00<\/bdi><\/span>\n\t\t\t\t<\/div><\/div>\n\n<div class=\"wp-block-post-excerpt\"><p class=\"wp-block-post-excerpt__excerpt\">Le Fighter pro est un touche-\u00e0-tout, un GPS avec 28 waypoints, largement suffisant et dispose d&rsquo;un profondim\u00e8tre cliquable sur l&rsquo;\u00e9metteur pour plus de commodit\u00e9, rien de plus simple ! <\/p><\/div>\n\n\t<div data-block-name=\"woocommerce\/add-to-cart-form\" data-is-descendent-of-single-product-block=\"true\" class=\"wp-block-add-to-cart-form wc-block-add-to-cart-form wc-block-add-to-cart-form--input wp-block-woocommerce-add-to-cart-form\" >\n<form class=\"variations_form cart\" action=\"https:\/\/boatmanboat.fr\/?product=fighter\" method=\"post\" enctype='multipart\/form-data' data-product_id=\"1546\" data-product_variations=\"[{&quot;attributes&quot;:{&quot;attribute_pa_modele&quot;:&quot;pro&quot;,&quot;attribute_pa_couleur&quot;:&quot;camou&quot;},&quot;availability_html&quot;:&quot;&quot;,&quot;backorders_allowed&quot;:false,&quot;dimensions&quot;:{&quot;length&quot;:&quot;&quot;,&quot;width&quot;:&quot;&quot;,&quot;height&quot;:&quot;&quot;},&quot;dimensions_html&quot;:&quot;ND&quot;,&quot;display_price&quot;:1699,&quot;display_regular_price&quot;:1699,&quot;image&quot;:{&quot;title&quot;:&quot;001&quot;,&quot;caption&quot;:&quot;&quot;,&quot;url&quot;:&quot;https:\\\/\\\/boatmanboat.fr\\\/wp-content\\\/uploads\\\/2024\\\/11\\\/001.png&quot;,&quot;alt&quot;:&quot;001&quot;,&quot;src&quot;:&quot;https:\\\/\\\/boatmanboat.fr\\\/wp-content\\\/uploads\\\/2024\\\/11\\\/001-600x514.png&quot;,&quot;srcset&quot;:&quot;https:\\\/\\\/boatmanboat.fr\\\/wp-content\\\/uploads\\\/2024\\\/11\\\/001-600x514.png 600w, https:\\\/\\\/boatmanboat.fr\\\/wp-content\\\/uploads\\\/2024\\\/11\\\/001-300x257.png 300w, https:\\\/\\\/boatmanboat.fr\\\/wp-content\\\/uploads\\\/2024\\\/11\\\/001-768x658.png 768w, https:\\\/\\\/boatmanboat.fr\\\/wp-content\\\/uploads\\\/2024\\\/11\\\/001.png 770w&quot;,&quot;sizes&quot;:&quot;(max-width: 600px) 100vw, 600px&quot;,&quot;full_src&quot;:&quot;https:\\\/\\\/boatmanboat.fr\\\/wp-content\\\/uploads\\\/2024\\\/11\\\/001.png&quot;,&quot;full_src_w&quot;:770,&quot;full_src_h&quot;:660,&quot;gallery_thumbnail_src&quot;:&quot;https:\\\/\\\/boatmanboat.fr\\\/wp-content\\\/uploads\\\/2024\\\/11\\\/001-100x100.png&quot;,&quot;gallery_thumbnail_src_w&quot;:100,&quot;gallery_thumbnail_src_h&quot;:100,&quot;thumb_src&quot;:&quot;https:\\\/\\\/boatmanboat.fr\\\/wp-content\\\/uploads\\\/2024\\\/11\\\/001-300x300.png&quot;,&quot;thumb_src_w&quot;:300,&quot;thumb_src_h&quot;:300,&quot;src_w&quot;:600,&quot;src_h&quot;:514},&quot;image_id&quot;:2216,&quot;is_downloadable&quot;:false,&quot;is_in_stock&quot;:true,&quot;is_purchasable&quot;:true,&quot;is_sold_individually&quot;:&quot;no&quot;,&quot;is_virtual&quot;:false,&quot;max_qty&quot;:&quot;&quot;,&quot;min_qty&quot;:1,&quot;price_html&quot;:&quot;&quot;,&quot;sku&quot;:&quot;FIGHTPROML&quot;,&quot;variation_description&quot;:&quot;&quot;,&quot;variation_id&quot;:1547,&quot;variation_is_active&quot;:true,&quot;variation_is_visible&quot;:true,&quot;weight&quot;:&quot;&quot;,&quot;weight_html&quot;:&quot;ND&quot;,&quot;display_name&quot;:&quot;Fighter - Pro, Camou&quot;},{&quot;attributes&quot;:{&quot;attribute_pa_modele&quot;:&quot;pro&quot;,&quot;attribute_pa_couleur&quot;:&quot;noire&quot;},&quot;availability_html&quot;:&quot;&quot;,&quot;backorders_allowed&quot;:false,&quot;dimensions&quot;:{&quot;length&quot;:&quot;&quot;,&quot;width&quot;:&quot;&quot;,&quot;height&quot;:&quot;&quot;},&quot;dimensions_html&quot;:&quot;ND&quot;,&quot;display_price&quot;:1699,&quot;display_regular_price&quot;:1699,&quot;image&quot;:{&quot;title&quot;:&quot;002&quot;,&quot;caption&quot;:&quot;&quot;,&quot;url&quot;:&quot;https:\\\/\\\/boatmanboat.fr\\\/wp-content\\\/uploads\\\/2024\\\/11\\\/002.png&quot;,&quot;alt&quot;:&quot;002&quot;,&quot;src&quot;:&quot;https:\\\/\\\/boatmanboat.fr\\\/wp-content\\\/uploads\\\/2024\\\/11\\\/002-600x477.png&quot;,&quot;srcset&quot;:&quot;https:\\\/\\\/boatmanboat.fr\\\/wp-content\\\/uploads\\\/2024\\\/11\\\/002-600x477.png 600w, https:\\\/\\\/boatmanboat.fr\\\/wp-content\\\/uploads\\\/2024\\\/11\\\/002-300x239.png 300w, https:\\\/\\\/boatmanboat.fr\\\/wp-content\\\/uploads\\\/2024\\\/11\\\/002-768x611.png 768w, https:\\\/\\\/boatmanboat.fr\\\/wp-content\\\/uploads\\\/2024\\\/11\\\/002.png 830w&quot;,&quot;sizes&quot;:&quot;(max-width: 600px) 100vw, 600px&quot;,&quot;full_src&quot;:&quot;https:\\\/\\\/boatmanboat.fr\\\/wp-content\\\/uploads\\\/2024\\\/11\\\/002.png&quot;,&quot;full_src_w&quot;:830,&quot;full_src_h&quot;:660,&quot;gallery_thumbnail_src&quot;:&quot;https:\\\/\\\/boatmanboat.fr\\\/wp-content\\\/uploads\\\/2024\\\/11\\\/002-100x100.png&quot;,&quot;gallery_thumbnail_src_w&quot;:100,&quot;gallery_thumbnail_src_h&quot;:100,&quot;thumb_src&quot;:&quot;https:\\\/\\\/boatmanboat.fr\\\/wp-content\\\/uploads\\\/2024\\\/11\\\/002-300x300.png&quot;,&quot;thumb_src_w&quot;:300,&quot;thumb_src_h&quot;:300,&quot;src_w&quot;:600,&quot;src_h&quot;:477},&quot;image_id&quot;:2217,&quot;is_downloadable&quot;:false,&quot;is_in_stock&quot;:true,&quot;is_purchasable&quot;:true,&quot;is_sold_individually&quot;:&quot;no&quot;,&quot;is_virtual&quot;:false,&quot;max_qty&quot;:&quot;&quot;,&quot;min_qty&quot;:1,&quot;price_html&quot;:&quot;&quot;,&quot;sku&quot;:&quot;FIGHTPROBK&quot;,&quot;variation_description&quot;:&quot;&quot;,&quot;variation_id&quot;:1548,&quot;variation_is_active&quot;:true,&quot;variation_is_visible&quot;:true,&quot;weight&quot;:&quot;&quot;,&quot;weight_html&quot;:&quot;ND&quot;,&quot;display_name&quot;:&quot;Fighter - Pro, Noire&quot;}]\">\n\t\n\t\t\t<table class=\"variations\" cellspacing=\"0\" role=\"presentation\">\n\t\t\t<tbody>\n\t\t\t\t\t\t\t\t\t<tr>\n\t\t\t\t\t\t<th class=\"label\"><label for=\"pa_modele\">Mod\u00e8le<\/label><\/th>\n\t\t\t\t\t\t<td class=\"value\">\n\t\t\t\t\t\t\t<select id=\"pa_modele\" class=\"\" name=\"attribute_pa_modele\" data-attribute_name=\"attribute_pa_modele\" data-show_option_none=\"yes\"><option value=\"\">Choisir une option<\/option><option value=\"pro\" >Pro<\/option><\/select>\t\t\t\t\t\t<\/td>\n\t\t\t\t\t<\/tr>\n\t\t\t\t\t\t\t\t\t<tr>\n\t\t\t\t\t\t<th class=\"label\"><label for=\"pa_couleur\">Couleur<\/label><\/th>\n\t\t\t\t\t\t<td class=\"value\">\n\t\t\t\t\t\t\t<select id=\"pa_couleur\" class=\"\" name=\"attribute_pa_couleur\" data-attribute_name=\"attribute_pa_couleur\" data-show_option_none=\"yes\"><option value=\"\">Choisir une option<\/option><option value=\"camou\" >Camou<\/option><option value=\"noire\" >Noire<\/option><\/select><a class=\"reset_variations\" href=\"#\" aria-label=\"Effacer les options\">Effacer<\/a>\t\t\t\t\t\t<\/td>\n\t\t\t\t\t<\/tr>\n\t\t\t\t\t\t\t<\/tbody>\n\t\t<\/table>\n\t\t<div class=\"reset_variations_alert screen-reader-text\" role=\"alert\" aria-live=\"polite\" aria-relevant=\"all\"><\/div>\n\t\t\n\t\t<div class=\"single_variation_wrap\">\n\t\t\t<div class=\"woocommerce-variation single_variation\" role=\"alert\" aria-relevant=\"additions\"><\/div><div class=\"woocommerce-variation-add-to-cart variations_button\">\n\t\n\t<div class=\"quantity\">\n\t\t<label class=\"screen-reader-text\" for=\"quantity_69e3d5c1490d4\">quantit\u00e9 de Fighter<\/label>\n\t<input\n\t\ttype=\"number\"\n\t\t\t\tid=\"quantity_69e3d5c1490d4\"\n\t\tclass=\"input-text qty text\"\n\t\tname=\"quantity\"\n\t\tvalue=\"1\"\n\t\taria-label=\"Quantit\u00e9 de produits\"\n\t\t\t\tmin=\"1\"\n\t\t\t\t\t\t\tstep=\"1\"\n\t\t\tplaceholder=\"\"\n\t\t\tinputmode=\"numeric\"\n\t\t\tautocomplete=\"off\"\n\t\t\t\/>\n\t<\/div>\n\n\t<button type=\"submit\" class=\"single_add_to_cart_button button alt\">Ajouter au panier<\/button>\n\n\t\n\t<input type=\"hidden\" name=\"add-to-cart\" value=\"1546\" \/>\n\t<input type=\"hidden\" name=\"product_id\" value=\"1546\" \/>\n\t<input type=\"hidden\" name=\"variation_id\" class=\"variation_id\" value=\"0\" \/>\n<\/div>\n\t\t<\/div>\n\t\n\t<\/form>\n\n<\/div>\r\n\t<div class=\"yith-wccp-compare\">\r\n\t\t\t<a\r\n\t\thref=\"https:\/\/boatmanboat.fr?action=yith-woocompare-add-product&#038;id=1546\"\r\n\t\tclass=\"compare button  \"\r\n\t\tdata-product_id=\"1546\"\r\n\t\ttarget=\"_self\"\r\n\t\trel=\"nofollow\"\r\n\t>\r\n\t\t\t\t<span class=\"label\">\r\n\t\t\tCompare\t\t<\/span>\r\n\t<\/a>\r\n\r\n\t<\/div>\n\n\n<div data-block-name=\"woocommerce\/product-meta\" class=\"wp-block-woocommerce-product-meta\">\n<div class=\"wp-block-group is-nowrap is-layout-flex wp-container-core-group-is-layout-ad2f72ca wp-block-group-is-layout-flex\">\n\n<div class=\"taxonomy-product_cat wp-block-post-terms\"><span class=\"wp-block-post-terms__prefix\">Categorie: <\/span><a href=\"https:\/\/boatmanboat.fr\/?product_cat=bateau-amorceur\" rel=\"tag\">Bateau amorceur<\/a><span class=\"wp-block-post-terms__separator\">, <\/span><a href=\"https:\/\/boatmanboat.fr\/?product_cat=fighter\" rel=\"tag\">Fighter<\/a><\/div>\n\n<div class=\"taxonomy-product_tag wp-block-post-terms\"><span class=\"wp-block-post-terms__prefix\">Tags: <\/span><a href=\"https:\/\/boatmanboat.fr\/?product_tag=amorce\" rel=\"tag\">amorce<\/a><span class=\"wp-block-post-terms__separator\">, <\/span><a href=\"https:\/\/boatmanboat.fr\/?product_tag=bateau\" rel=\"tag\">bateau<\/a><span class=\"wp-block-post-terms__separator\">, <\/span><a href=\"https:\/\/boatmanboat.fr\/?product_tag=bateau-amorceur\" rel=\"tag\">bateau amorceur<\/a><span class=\"wp-block-post-terms__separator\">, <\/span><a href=\"https:\/\/boatmanboat.fr\/?product_tag=boatman\" rel=\"tag\">Boatman<\/a><span class=\"wp-block-post-terms__separator\">, <\/span><a href=\"https:\/\/boatmanboat.fr\/?product_tag=bouillettes\" rel=\"tag\">bouillettes<\/a><span class=\"wp-block-post-terms__separator\">, <\/span><a href=\"https:\/\/boatmanboat.fr\/?product_tag=fighter\" rel=\"tag\">fighter<\/a><span class=\"wp-block-post-terms__separator\">, <\/span><a href=\"https:\/\/boatmanboat.fr\/?product_tag=fighter-pro\" rel=\"tag\">fighter pro<\/a><span class=\"wp-block-post-terms__separator\">, <\/span><a href=\"https:\/\/boatmanboat.fr\/?product_tag=gps\" rel=\"tag\">gps<\/a><span class=\"wp-block-post-terms__separator\">, <\/span><a href=\"https:\/\/boatmanboat.fr\/?product_tag=sonar\" rel=\"tag\">sonar<\/a><\/div><\/div>\n<\/div>\n<\/div>\n<\/div>\n<\/div>\n\n\n\n<p>L&rsquo;\u00e9cran couleur de 3,5 pouces est un appareil propre \u00e0 Boatman et fonctionne \u00e9tonnamment bien, m\u00eame les pierres de moins de 10 cm sont affich\u00e9es sur l&rsquo;\u00e9cran et en cas de v\u00e9g\u00e9tation dense, la sensibilit\u00e9 peut \u00eatre suffisamment ajust\u00e9e pour obtenir une vue claire du fond.<\/p>\n\n\n<div class=\"wp-block-image\">\n<figure class=\"alignleft size-full is-resized\"><img decoding=\"async\" width=\"1000\" height=\"1000\" src=\"https:\/\/boatmanboat.fr\/wp-content\/uploads\/2024\/11\/Handed-Fighter.png\" alt=\"\" class=\"wp-image-1252\" style=\"width:274px;height:auto\" srcset=\"https:\/\/boatmanboat.fr\/wp-content\/uploads\/2024\/11\/Handed-Fighter.png 1000w, https:\/\/boatmanboat.fr\/wp-content\/uploads\/2024\/11\/Handed-Fighter-300x300.png 300w, https:\/\/boatmanboat.fr\/wp-content\/uploads\/2024\/11\/Handed-Fighter-150x150.png 150w, https:\/\/boatmanboat.fr\/wp-content\/uploads\/2024\/11\/Handed-Fighter-768x768.png 768w, https:\/\/boatmanboat.fr\/wp-content\/uploads\/2024\/11\/Handed-Fighter-600x600.png 600w, https:\/\/boatmanboat.fr\/wp-content\/uploads\/2024\/11\/Handed-Fighter-100x100.png 100w\" sizes=\"(max-width: 1000px) 100vw, 1000px\" \/><\/figure>\n<\/div>\n\n\n<p>Il y a 2 trappes d&rsquo;alimentation au milieu du bateau qui peuvent \u00eatre ouvertes ensemble ou s\u00e9par\u00e9ment. A l&rsquo;arri\u00e8re il y a 2 belles trappes de ravitaillement, tr\u00e8s int\u00e9ressantes pour d\u00e9poser quelques g\u00e2chettes (bouillettes) \u00e0 c\u00f4t\u00e9 de la zone de ravitaillement. La partie mangeoire peut \u00eatre divis\u00e9e en 2 gr\u00e2ce \u00e0 une cloison fournie.<\/p>\n\n\n<div class=\"wp-block-image\">\n<figure class=\"alignright size-full is-resized\"><img decoding=\"async\" width=\"1000\" height=\"1000\" src=\"https:\/\/boatmanboat.fr\/wp-content\/uploads\/2024\/11\/Fighter-side-view-black.png\" alt=\"\" class=\"wp-image-1253\" style=\"width:322px;height:auto\" srcset=\"https:\/\/boatmanboat.fr\/wp-content\/uploads\/2024\/11\/Fighter-side-view-black.png 1000w, https:\/\/boatmanboat.fr\/wp-content\/uploads\/2024\/11\/Fighter-side-view-black-300x300.png 300w, https:\/\/boatmanboat.fr\/wp-content\/uploads\/2024\/11\/Fighter-side-view-black-150x150.png 150w, https:\/\/boatmanboat.fr\/wp-content\/uploads\/2024\/11\/Fighter-side-view-black-768x768.png 768w, https:\/\/boatmanboat.fr\/wp-content\/uploads\/2024\/11\/Fighter-side-view-black-600x600.png 600w, https:\/\/boatmanboat.fr\/wp-content\/uploads\/2024\/11\/Fighter-side-view-black-100x100.png 100w\" sizes=\"(max-width: 1000px) 100vw, 1000px\" \/><\/figure>\n<\/div>\n\n<div class=\"wp-block-image\">\n<figure class=\"alignleft size-full is-resized\"><img loading=\"lazy\" decoding=\"async\" width=\"1000\" height=\"1000\" src=\"https:\/\/boatmanboat.fr\/wp-content\/uploads\/2024\/11\/Fighter-back-view.png\" alt=\"\" class=\"wp-image-1254\" style=\"width:270px;height:auto\" srcset=\"https:\/\/boatmanboat.fr\/wp-content\/uploads\/2024\/11\/Fighter-back-view.png 1000w, https:\/\/boatmanboat.fr\/wp-content\/uploads\/2024\/11\/Fighter-back-view-300x300.png 300w, https:\/\/boatmanboat.fr\/wp-content\/uploads\/2024\/11\/Fighter-back-view-150x150.png 150w, https:\/\/boatmanboat.fr\/wp-content\/uploads\/2024\/11\/Fighter-back-view-768x768.png 768w, https:\/\/boatmanboat.fr\/wp-content\/uploads\/2024\/11\/Fighter-back-view-600x600.png 600w, https:\/\/boatmanboat.fr\/wp-content\/uploads\/2024\/11\/Fighter-back-view-100x100.png 100w\" sizes=\"(max-width: 1000px) 100vw, 1000px\" \/><\/figure>\n<\/div>\n\n\n<p>Le GPS fonctionne \u00e0 merveille et une fois que vous vous y serez habitu\u00e9, vous ne voudrez plus vous en passer, car en fin de compte, tout le processus de navigation, d&rsquo;atteinte d&rsquo;un point, de largage d&rsquo;app\u00e2ts et d&rsquo;hame\u00e7ons et finalement de retour \u00e0 la rive peut \u00eatre contr\u00f4l\u00e9 de mani\u00e8re enti\u00e8rement automatique.<\/p>\n\n\n\n<p>Au fait, une distance de navigation de 500 m d\u00e9passe la limite souhait\u00e9e, vous ne manquerez donc de rien.<\/p>\n\n\n\n<p>Le Fighter utilise <a href=\"https:\/\/boatmanboat.fr\/?page_id=1626\" title=\"Batteries\">1 batterie 7,4v 20ah<\/a>, ce qui donne une autonomie de navigation allant jusqu&rsquo;\u00e0 2.5 heures, selon la vitesse utilis\u00e9e et les conditions.<\/p>\n\n\n\n<p>Un <a href=\"https:\/\/boatmanboat.fr\/?product=sacs-de-pluie\" title=\"Sacs de pluie\">sac de pluie<\/a> est disponible pour prot\u00e9ger votre \u00e9metteur contre les conditions humides<\/p>\n\n\n\n<p>Et il y a aussi un crochet de d\u00e9verrouillage \u00e0 l&rsquo;arri\u00e8re !<\/p>\n\n\n\n<ul class=\"wp-block-list\">\n<li>Bateau complet<\/li>\n\n\n\n<li>GPS 28 points de cheminement<\/li>\n\n\n\n<li>Pilote enti\u00e8rement automatique<\/li>\n\n\n\n<li>Port\u00e9e de navigation de 500 m<\/li>\n\n\n\n<li>Le sondeur fonctionne dans des conditions id\u00e9ales jusqu&rsquo;\u00e0 +\/- 300m<\/li>\n\n\n\n<li>2,5 heures de navigation avec <a href=\"https:\/\/boatmanboat.fr\/?page_id=1626\" title=\"Batteries\">batterie 7.4v 20ah<\/a><\/li>\n\n\n\n<li>Sac gratuit (inclus)<\/li>\n\n\n\n<li>D\u00e9verrouillage du crochet fourni<\/li>\n<\/ul>\n\n\n\n<figure class=\"wp-block-gallery has-nested-images columns-default is-cropped wp-block-gallery-1 is-layout-flex wp-block-gallery-is-layout-flex\">\n<figure class=\"wp-block-image size-large\"><img loading=\"lazy\" decoding=\"async\" width=\"1001\" height=\"1001\" data-id=\"1255\" src=\"https:\/\/boatmanboat.fr\/wp-content\/uploads\/2024\/11\/Fighter-black-front.jpg\" alt=\"\" class=\"wp-image-1255\" srcset=\"https:\/\/boatmanboat.fr\/wp-content\/uploads\/2024\/11\/Fighter-black-front.jpg 1001w, https:\/\/boatmanboat.fr\/wp-content\/uploads\/2024\/11\/Fighter-black-front-300x300.jpg 300w, https:\/\/boatmanboat.fr\/wp-content\/uploads\/2024\/11\/Fighter-black-front-150x150.jpg 150w, https:\/\/boatmanboat.fr\/wp-content\/uploads\/2024\/11\/Fighter-black-front-768x768.jpg 768w, https:\/\/boatmanboat.fr\/wp-content\/uploads\/2024\/11\/Fighter-black-front-600x600.jpg 600w, https:\/\/boatmanboat.fr\/wp-content\/uploads\/2024\/11\/Fighter-black-front-100x100.jpg 100w\" sizes=\"(max-width: 1001px) 100vw, 1001px\" \/><figcaption class=\"wp-element-caption\">Fighter noire vue de face<\/figcaption><\/figure>\n\n\n\n<figure class=\"wp-block-image size-large\"><img loading=\"lazy\" decoding=\"async\" width=\"1000\" height=\"1000\" data-id=\"1256\" src=\"https:\/\/boatmanboat.fr\/wp-content\/uploads\/2024\/11\/Fighter-Camou-front.jpg\" alt=\"\" class=\"wp-image-1256\" srcset=\"https:\/\/boatmanboat.fr\/wp-content\/uploads\/2024\/11\/Fighter-Camou-front.jpg 1000w, https:\/\/boatmanboat.fr\/wp-content\/uploads\/2024\/11\/Fighter-Camou-front-300x300.jpg 300w, https:\/\/boatmanboat.fr\/wp-content\/uploads\/2024\/11\/Fighter-Camou-front-150x150.jpg 150w, https:\/\/boatmanboat.fr\/wp-content\/uploads\/2024\/11\/Fighter-Camou-front-768x768.jpg 768w, https:\/\/boatmanboat.fr\/wp-content\/uploads\/2024\/11\/Fighter-Camou-front-600x600.jpg 600w, https:\/\/boatmanboat.fr\/wp-content\/uploads\/2024\/11\/Fighter-Camou-front-100x100.jpg 100w\" sizes=\"(max-width: 1000px) 100vw, 1000px\" \/><figcaption class=\"wp-element-caption\">Fighter camou vue de face<\/figcaption><\/figure>\n\n\n\n<figure class=\"wp-block-image size-large\"><img loading=\"lazy\" decoding=\"async\" width=\"1000\" height=\"1000\" data-id=\"1257\" src=\"https:\/\/boatmanboat.fr\/wp-content\/uploads\/2024\/11\/Fighter-Camou-side.jpg\" alt=\"\" class=\"wp-image-1257\" srcset=\"https:\/\/boatmanboat.fr\/wp-content\/uploads\/2024\/11\/Fighter-Camou-side.jpg 1000w, https:\/\/boatmanboat.fr\/wp-content\/uploads\/2024\/11\/Fighter-Camou-side-300x300.jpg 300w, https:\/\/boatmanboat.fr\/wp-content\/uploads\/2024\/11\/Fighter-Camou-side-150x150.jpg 150w, https:\/\/boatmanboat.fr\/wp-content\/uploads\/2024\/11\/Fighter-Camou-side-768x768.jpg 768w, https:\/\/boatmanboat.fr\/wp-content\/uploads\/2024\/11\/Fighter-Camou-side-600x600.jpg 600w, https:\/\/boatmanboat.fr\/wp-content\/uploads\/2024\/11\/Fighter-Camou-side-100x100.jpg 100w\" sizes=\"(max-width: 1000px) 100vw, 1000px\" \/><figcaption class=\"wp-element-caption\">Fighter camou vue de c\u00f4t\u00e9<\/figcaption><\/figure>\n<\/figure>\n\n\n\n<p><\/p>\n","protected":false},"excerpt":{"rendered":"<p>L&rsquo;\u00e9cran couleur de 3,5 pouces est un appareil propre \u00e0 Boatman et fonctionne \u00e9tonnamment bien, m\u00eame les pierres de moins de 10 cm sont affich\u00e9es sur l&rsquo;\u00e9cran et en cas [&hellip;]<\/p>\n","protected":false},"author":1,"featured_media":0,"parent":0,"menu_order":0,"comment_status":"closed","ping_status":"closed","template":"","meta":{"om_disable_all_campaigns":false,"_uag_custom_page_level_css":"","_monsterinsights_skip_tracking":false,"_monsterinsights_sitenote_active":false,"_monsterinsights_sitenote_note":"","_monsterinsights_sitenote_category":0,"footnotes":""},"class_list":["post-1250","page","type-page","status-publish","hentry"],"aioseo_notices":[],"uagb_featured_image_src":{"full":false,"thumbnail":false,"medium":false,"medium_large":false,"large":false,"1536x1536":false,"2048x2048":false,"woocommerce_thumbnail":false,"woocommerce_single":false,"woocommerce_gallery_thumbnail":false,"yith-woocompare-image":false},"uagb_author_info":{"display_name":"admin","author_link":"https:\/\/boatmanboat.fr\/?author=1"},"uagb_comment_info":0,"uagb_excerpt":"L&rsquo;\u00e9cran couleur de 3,5 pouces est un appareil propre \u00e0 Boatman et fonctionne \u00e9tonnamment bien, m\u00eame les pierres de moins de 10 cm sont affich\u00e9es sur l&rsquo;\u00e9cran et en cas [&hellip;]","jetpack_sharing_enabled":true,"_links":{"self":[{"href":"https:\/\/boatmanboat.fr\/index.php?rest_route=\/wp\/v2\/pages\/1250","targetHints":{"allow":["GET"]}}],"collection":[{"href":"https:\/\/boatmanboat.fr\/index.php?rest_route=\/wp\/v2\/pages"}],"about":[{"href":"https:\/\/boatmanboat.fr\/index.php?rest_route=\/wp\/v2\/types\/page"}],"author":[{"embeddable":true,"href":"https:\/\/boatmanboat.fr\/index.php?rest_route=\/wp\/v2\/users\/1"}],"replies":[{"embeddable":true,"href":"https:\/\/boatmanboat.fr\/index.php?rest_route=%2Fwp%2Fv2%2Fcomments&post=1250"}],"version-history":[{"count":5,"href":"https:\/\/boatmanboat.fr\/index.php?rest_route=\/wp\/v2\/pages\/1250\/revisions"}],"predecessor-version":[{"id":2214,"href":"https:\/\/boatmanboat.fr\/index.php?rest_route=\/wp\/v2\/pages\/1250\/revisions\/2214"}],"wp:attachment":[{"href":"https:\/\/boatmanboat.fr\/index.php?rest_route=%2Fwp%2Fv2%2Fmedia&parent=1250"}],"curies":[{"name":"wp","href":"https:\/\/api.w.org\/{rel}","templated":true}]}}