{"id":1562,"date":"2024-11-27T20:52:54","date_gmt":"2024-11-27T20:52:54","guid":{"rendered":"https:\/\/boatmanboat.fr\/?page_id=1562"},"modified":"2024-11-27T20:52:55","modified_gmt":"2024-11-27T20:52:55","slug":"sac-de-chargement-lipo","status":"publish","type":"page","link":"https:\/\/boatmanboat.fr\/?page_id=1562","title":{"rendered":"Sac de chargement LiPo"},"content":{"rendered":"\n<p>Toutes les batteries Boatman peuvent \u00eatre charg\u00e9es dans ce sac ignifuge.<\/p>\n\n\n\n<p>Bien entendu, vous pouvez \u00e9galement charger ici des batteries d&rsquo;autres marques.<\/p>\n\n\n<div class=\"wp-block-image\">\n<figure class=\"alignleft size-full\"><img fetchpriority=\"high\" decoding=\"async\" width=\"425\" height=\"318\" src=\"https:\/\/boatmanboat.fr\/wp-content\/uploads\/2024\/11\/safebag001.png\" alt=\"\" class=\"wp-image-1560\" srcset=\"https:\/\/boatmanboat.fr\/wp-content\/uploads\/2024\/11\/safebag001.png 425w, https:\/\/boatmanboat.fr\/wp-content\/uploads\/2024\/11\/safebag001-300x224.png 300w\" sizes=\"(max-width: 425px) 100vw, 425px\" \/><\/figure>\n<\/div>\n\n\n<p>&#8211; Disponible pour toutes les batteries Boatman<\/p>\n\n\n\n<p>&#8211; Peut \u00eatre utilis\u00e9 avec toutes les batteries LiPo<\/p>\n\n\n\n<p>&#8211; Chargement s\u00e9curis\u00e9, r\u00e9duit le risque d&rsquo;incendie<\/p>\n\n\n\n<p><\/p>\n","protected":false},"excerpt":{"rendered":"<p>Toutes les batteries Boatman peuvent \u00eatre charg\u00e9es dans ce sac ignifuge. Bien entendu, vous pouvez \u00e9galement charger ici des batteries d&rsquo;autres marques. &#8211; Disponible pour toutes les batteries Boatman &#8211; [&hellip;]<\/p>\n","protected":false},"author":1,"featured_media":0,"parent":0,"menu_order":0,"comment_status":"closed","ping_status":"closed","template":"","meta":{"om_disable_all_campaigns":false,"_uag_custom_page_level_css":"","_monsterinsights_skip_tracking":false,"_monsterinsights_sitenote_active":false,"_monsterinsights_sitenote_note":"","_monsterinsights_sitenote_category":0,"footnotes":""},"class_list":["post-1562","page","type-page","status-publish","hentry"],"aioseo_notices":[],"uagb_featured_image_src":{"full":false,"thumbnail":false,"medium":false,"medium_large":false,"large":false,"1536x1536":false,"2048x2048":false,"woocommerce_thumbnail":false,"woocommerce_single":false,"woocommerce_gallery_thumbnail":false,"yith-woocompare-image":false},"uagb_author_info":{"display_name":"admin","author_link":"https:\/\/boatmanboat.fr\/?author=1"},"uagb_comment_info":0,"uagb_excerpt":"Toutes les batteries Boatman peuvent \u00eatre charg\u00e9es dans ce sac ignifuge. Bien entendu, vous pouvez \u00e9galement charger ici des batteries d&rsquo;autres marques. &#8211; Disponible pour toutes les batteries Boatman &#8211; [&hellip;]","jetpack_sharing_enabled":true,"_links":{"self":[{"href":"https:\/\/boatmanboat.fr\/index.php?rest_route=\/wp\/v2\/pages\/1562","targetHints":{"allow":["GET"]}}],"collection":[{"href":"https:\/\/boatmanboat.fr\/index.php?rest_route=\/wp\/v2\/pages"}],"about":[{"href":"https:\/\/boatmanboat.fr\/index.php?rest_route=\/wp\/v2\/types\/page"}],"author":[{"embeddable":true,"href":"https:\/\/boatmanboat.fr\/index.php?rest_route=\/wp\/v2\/users\/1"}],"replies":[{"embeddable":true,"href":"https:\/\/boatmanboat.fr\/index.php?rest_route=%2Fwp%2Fv2%2Fcomments&post=1562"}],"version-history":[{"count":1,"href":"https:\/\/boatmanboat.fr\/index.php?rest_route=\/wp\/v2\/pages\/1562\/revisions"}],"predecessor-version":[{"id":1563,"href":"https:\/\/boatmanboat.fr\/index.php?rest_route=\/wp\/v2\/pages\/1562\/revisions\/1563"}],"wp:attachment":[{"href":"https:\/\/boatmanboat.fr\/index.php?rest_route=%2Fwp%2Fv2%2Fmedia&parent=1562"}],"curies":[{"name":"wp","href":"https:\/\/api.w.org\/{rel}","templated":true}]}}