{"id":1828,"date":"2024-11-29T08:36:15","date_gmt":"2024-11-29T08:36:15","guid":{"rendered":"https:\/\/boatmanboat.fr\/?post_type=product&#038;p=1828"},"modified":"2024-12-04T11:12:50","modified_gmt":"2024-12-04T11:12:50","slug":"upgrade-gps","status":"publish","type":"product","link":"https:\/\/boatmanboat.fr\/?product=upgrade-gps","title":{"rendered":"Upgrade GPS"},"content":{"rendered":"<ul>\n<li>design ergonomique<\/li>\n<li>joysticks pratiques<\/li>\n<li>affichage clair du courant de sa batterie<\/li>\n<li>affichage de la tension de la batterie du bateau<\/li>\n<li>indique le nombre de satellites<\/li>\n<li>28 points de cheminement<\/li>\n<li>\u00ab\u00a0enti\u00e8rement automatique\u00a0\u00bb<\/li>\n<li>distance depuis\/vers le waypoint\/le point d&rsquo;origine clairement visible<\/li>\n<li>rechargeable via le c\u00e2ble USB fourni (avec le bateau)<\/li>\n<li>La garantie expire si vous l&rsquo;installez vous-m\u00eame, vous avez donc int\u00e9r\u00eat \u00e0 ce que nous l&rsquo;installions.<\/li>\n<li>Frais d&rsquo;installation de 50 \u20ac \u00e0 Sleidinge(B)<\/li>\n<\/ul>\n","protected":false},"excerpt":{"rendered":"<p>Ce module GPS est \u00e9quip\u00e9 de 28 waypoints et peut \u00eatre r\u00e9gl\u00e9 de mani\u00e8re \u00e0 ce que votre bateau navigue jusqu&rsquo;au spot de mani\u00e8re enti\u00e8rement automatique, descende puis revienne de mani\u00e8re enti\u00e8rement automatique au point d&rsquo;origine pr\u00e9d\u00e9fini.<\/p>\n","protected":false},"featured_media":1829,"comment_status":"open","ping_status":"closed","template":"","meta":{"om_disable_all_campaigns":false,"_uag_custom_page_level_css":"","_monsterinsights_skip_tracking":false,"_monsterinsights_sitenote_active":false,"_monsterinsights_sitenote_note":"","_monsterinsights_sitenote_category":0},"product_brand":[],"product_cat":[50],"product_tag":[104,87,111,112],"class_list":{"0":"post-1828","1":"product","2":"type-product","3":"status-publish","4":"has-post-thumbnail","6":"product_cat-accessories","7":"product_tag-actor-plus","8":"product_tag-boatman","9":"product_tag-boatmanboat","10":"product_tag-gps","11":"product_shipping_class-normaal","13":"first","14":"instock","15":"taxable","16":"shipping-taxable","17":"purchasable","18":"product-type-simple"},"aioseo_notices":[],"uagb_featured_image_src":{"full":["https:\/\/boatmanboat.fr\/wp-content\/uploads\/2024\/11\/4038697181.jpg",810,1080,false],"thumbnail":["https:\/\/boatmanboat.fr\/wp-content\/uploads\/2024\/11\/4038697181-150x150.jpg",85,85,true],"medium":["https:\/\/boatmanboat.fr\/wp-content\/uploads\/2024\/11\/4038697181-225x300.jpg",225,300,true],"medium_large":["https:\/\/boatmanboat.fr\/wp-content\/uploads\/2024\/11\/4038697181-768x1024.jpg",768,1024,true],"large":["https:\/\/boatmanboat.fr\/wp-content\/uploads\/2024\/11\/4038697181-768x1024.jpg",768,1024,true],"1536x1536":["https:\/\/boatmanboat.fr\/wp-content\/uploads\/2024\/11\/4038697181.jpg",810,1080,false],"2048x2048":["https:\/\/boatmanboat.fr\/wp-content\/uploads\/2024\/11\/4038697181.jpg",810,1080,false],"woocommerce_thumbnail":["https:\/\/boatmanboat.fr\/wp-content\/uploads\/2024\/11\/4038697181-300x300.jpg",300,300,true],"woocommerce_single":["https:\/\/boatmanboat.fr\/wp-content\/uploads\/2024\/11\/4038697181-600x800.jpg",600,800,true],"woocommerce_gallery_thumbnail":["https:\/\/boatmanboat.fr\/wp-content\/uploads\/2024\/11\/4038697181-100x100.jpg",100,100,true],"yith-woocompare-image":["https:\/\/boatmanboat.fr\/wp-content\/uploads\/2024\/11\/4038697181-220x154.jpg",220,154,true]},"uagb_author_info":{"display_name":"admin","author_link":"https:\/\/boatmanboat.fr\/?author=0"},"uagb_comment_info":0,"uagb_excerpt":"Ce module GPS est \u00e9quip\u00e9 de 28 waypoints et peut \u00eatre r\u00e9gl\u00e9 de mani\u00e8re \u00e0 ce que votre bateau navigue jusqu'au spot de mani\u00e8re enti\u00e8rement automatique, descende puis revienne de mani\u00e8re enti\u00e8rement automatique au point d'origine pr\u00e9d\u00e9fini.","jetpack_sharing_enabled":true,"_links":{"self":[{"href":"https:\/\/boatmanboat.fr\/index.php?rest_route=\/wp\/v2\/product\/1828","targetHints":{"allow":["GET"]}}],"collection":[{"href":"https:\/\/boatmanboat.fr\/index.php?rest_route=\/wp\/v2\/product"}],"about":[{"href":"https:\/\/boatmanboat.fr\/index.php?rest_route=\/wp\/v2\/types\/product"}],"replies":[{"embeddable":true,"href":"https:\/\/boatmanboat.fr\/index.php?rest_route=%2Fwp%2Fv2%2Fcomments&post=1828"}],"wp:featuredmedia":[{"embeddable":true,"href":"https:\/\/boatmanboat.fr\/index.php?rest_route=\/wp\/v2\/media\/1829"}],"wp:attachment":[{"href":"https:\/\/boatmanboat.fr\/index.php?rest_route=%2Fwp%2Fv2%2Fmedia&parent=1828"}],"wp:term":[{"taxonomy":"product_brand","embeddable":true,"href":"https:\/\/boatmanboat.fr\/index.php?rest_route=%2Fwp%2Fv2%2Fproduct_brand&post=1828"},{"taxonomy":"product_cat","embeddable":true,"href":"https:\/\/boatmanboat.fr\/index.php?rest_route=%2Fwp%2Fv2%2Fproduct_cat&post=1828"},{"taxonomy":"product_tag","embeddable":true,"href":"https:\/\/boatmanboat.fr\/index.php?rest_route=%2Fwp%2Fv2%2Fproduct_tag&post=1828"}],"curies":[{"name":"wp","href":"https:\/\/api.w.org\/{rel}","templated":true}]}}