{"id":2504,"date":"2025-12-30T08:41:55","date_gmt":"2025-12-30T08:41:55","guid":{"rendered":"https:\/\/boatmanboat.fr\/?post_type=product&#038;p=2504"},"modified":"2025-12-30T09:46:09","modified_gmt":"2025-12-30T09:46:09","slug":"crusher-boatman","status":"publish","type":"product","link":"https:\/\/boatmanboat.fr\/?product=crusher-boatman","title":{"rendered":"Crusher Boatman"},"content":{"rendered":"<p><img fetchpriority=\"high\" decoding=\"async\" class=\"wp-image-2447 alignleft\" src=\"https:\/\/boatmanboat.fr\/wp-content\/uploads\/2025\/12\/11229826.jpg\" sizes=\"(max-width: 1000px) 100vw, 1000px\" srcset=\"https:\/\/boatmanboat.fr\/wp-content\/uploads\/2025\/12\/11229826.jpg 1000w, https:\/\/boatmanboat.fr\/wp-content\/uploads\/2025\/12\/11229826-300x300.jpg 300w, https:\/\/boatmanboat.fr\/wp-content\/uploads\/2025\/12\/11229826-85x85.jpg 85w, https:\/\/boatmanboat.fr\/wp-content\/uploads\/2025\/12\/11229826-768x768.jpg 768w, https:\/\/boatmanboat.fr\/wp-content\/uploads\/2025\/12\/11229826-600x600.jpg 600w, https:\/\/boatmanboat.fr\/wp-content\/uploads\/2025\/12\/11229826-100x100.jpg 100w, https:\/\/boatmanboat.fr\/wp-content\/uploads\/2025\/12\/11229826-154x154.jpg 154w\" alt=\"\" width=\"292\" height=\"292\" \/><\/p>\n<p>Le nouveau broyeur \u00e0 bouillettes et particules Boatman est \u00e9quip\u00e9 de 9 lames \u00ab \u00e9cureuil \u00bb en acier inoxydable.<\/p>\n<p>Gr\u00e2ce \u00e0 leur conception sp\u00e9ciale, ces lames broient m\u00eame les bouillettes les plus dures, sans n\u00e9cessiter une pression excessive.<\/p>\n<p>&nbsp;<\/p>\n<p><img decoding=\"async\" class=\" wp-image-2448 alignright\" src=\"https:\/\/boatmanboat.fr\/wp-content\/uploads\/2025\/12\/11229830-300x300.jpg\" alt=\"\" width=\"258\" height=\"258\" srcset=\"https:\/\/boatmanboat.fr\/wp-content\/uploads\/2025\/12\/11229830-300x300.jpg 300w, https:\/\/boatmanboat.fr\/wp-content\/uploads\/2025\/12\/11229830-85x85.jpg 85w, https:\/\/boatmanboat.fr\/wp-content\/uploads\/2025\/12\/11229830-768x768.jpg 768w, https:\/\/boatmanboat.fr\/wp-content\/uploads\/2025\/12\/11229830-600x600.jpg 600w, https:\/\/boatmanboat.fr\/wp-content\/uploads\/2025\/12\/11229830-100x100.jpg 100w, https:\/\/boatmanboat.fr\/wp-content\/uploads\/2025\/12\/11229830-154x154.jpg 154w, https:\/\/boatmanboat.fr\/wp-content\/uploads\/2025\/12\/11229830.jpg 1000w\" sizes=\"(max-width: 258px) 100vw, 258px\" \/>Les lames tournent sur deux roulements \u00e0 billes dans un panier en acier inoxydable. Ce panier poss\u00e8de des ouvertures larges et \u00e9troites, permettant d\u2019obtenir un m\u00e9lange optimal de particules fines et grossi\u00e8res. De nombreux carpistes r\u00e9put\u00e9s confirment son efficacit\u00e9 redoutable pour la p\u00eache \u00e0 la carpe.<\/p>\n<p>&nbsp;<\/p>\n<p>&nbsp;<\/p>\n<p>De plus, une plaque de broyage suppl\u00e9mentaire est d\u00e9sormais fournie de s\u00e9rie (gratuitement), permettant de broyer des particules telles que du ma\u00efs, des cacahu\u00e8tes et m\u00eame des noix tigr\u00e9es pour en faire un app\u00e2t attractif pour la carpe.<\/p>\n<p>La manivelle robuste est ergonomique et dot\u00e9e d\u2019une poign\u00e9e en bois pour une prise en main optimale.<\/p>\n<p>Le broyeur est livr\u00e9 avec une pelle \u00e0 app\u00e2ts et un couvercle suppl\u00e9mentaire pour fermer le r\u00e9cipient de r\u00e9cup\u00e9ration.<\/p>\n<ul class=\"wp-block-list\">\n<li>Pelle doseuse offerte<\/li>\n<li>Panier en acier inoxydable<\/li>\n<li>Manivelle pratique<\/li>\n<li>Couvercles robustes (x2)<\/li>\n<li>Plateau \u00e0 particules offert<\/li>\n<li>Lames en acier inoxydable<\/li>\n<\/ul>\n<p><img decoding=\"async\" class=\"size-medium wp-image-2453 alignleft\" src=\"https:\/\/boatmanboat.fr\/wp-content\/uploads\/2025\/12\/11229842-192x300.jpg\" alt=\"\" width=\"192\" height=\"300\" srcset=\"https:\/\/boatmanboat.fr\/wp-content\/uploads\/2025\/12\/11229842-192x300.jpg 192w, https:\/\/boatmanboat.fr\/wp-content\/uploads\/2025\/12\/11229842-655x1024.jpg 655w, https:\/\/boatmanboat.fr\/wp-content\/uploads\/2025\/12\/11229842-768x1201.jpg 768w, https:\/\/boatmanboat.fr\/wp-content\/uploads\/2025\/12\/11229842-600x938.jpg 600w, https:\/\/boatmanboat.fr\/wp-content\/uploads\/2025\/12\/11229842-99x154.jpg 99w, https:\/\/boatmanboat.fr\/wp-content\/uploads\/2025\/12\/11229842.jpg 790w\" sizes=\"(max-width: 192px) 100vw, 192px\" \/> <img loading=\"lazy\" decoding=\"async\" class=\"size-medium wp-image-2450 alignnone\" src=\"https:\/\/boatmanboat.fr\/wp-content\/uploads\/2025\/12\/11229845-238x300.jpg\" alt=\"\" width=\"238\" height=\"300\" srcset=\"https:\/\/boatmanboat.fr\/wp-content\/uploads\/2025\/12\/11229845-238x300.jpg 238w, https:\/\/boatmanboat.fr\/wp-content\/uploads\/2025\/12\/11229845-768x969.jpg 768w, https:\/\/boatmanboat.fr\/wp-content\/uploads\/2025\/12\/11229845-600x757.jpg 600w, https:\/\/boatmanboat.fr\/wp-content\/uploads\/2025\/12\/11229845-122x154.jpg 122w, https:\/\/boatmanboat.fr\/wp-content\/uploads\/2025\/12\/11229845.jpg 790w\" sizes=\"(max-width: 238px) 100vw, 238px\" \/><img loading=\"lazy\" decoding=\"async\" class=\"size-medium wp-image-2452 alignleft\" src=\"https:\/\/boatmanboat.fr\/wp-content\/uploads\/2025\/12\/11229843-247x300.jpg\" alt=\"\" width=\"247\" height=\"300\" srcset=\"https:\/\/boatmanboat.fr\/wp-content\/uploads\/2025\/12\/11229843-247x300.jpg 247w, https:\/\/boatmanboat.fr\/wp-content\/uploads\/2025\/12\/11229843-768x931.jpg 768w, https:\/\/boatmanboat.fr\/wp-content\/uploads\/2025\/12\/11229843-600x728.jpg 600w, https:\/\/boatmanboat.fr\/wp-content\/uploads\/2025\/12\/11229843-127x154.jpg 127w, https:\/\/boatmanboat.fr\/wp-content\/uploads\/2025\/12\/11229843.jpg 790w\" sizes=\"(max-width: 247px) 100vw, 247px\" \/><\/p>\n","protected":false},"excerpt":{"rendered":"<p>Le nouveau broyeur \u00e0 bouillettes et particules Boatman est \u00e9quip\u00e9 de 9 lames \u00ab \u00e9cureuil \u00bb en acier inoxydable.<\/p>\n","protected":false},"featured_media":2447,"comment_status":"open","ping_status":"closed","template":"","meta":{"om_disable_all_campaigns":false,"_uag_custom_page_level_css":"","_monsterinsights_skip_tracking":false,"_monsterinsights_sitenote_active":false,"_monsterinsights_sitenote_note":"","_monsterinsights_sitenote_category":0},"product_brand":[],"product_cat":[234],"product_tag":[],"class_list":{"0":"post-2504","1":"product","2":"type-product","3":"status-publish","4":"has-post-thumbnail","6":"product_cat-accessoires-generaux","7":"product_shipping_class-gratis","9":"first","10":"instock","11":"taxable","12":"shipping-taxable","13":"purchasable","14":"product-type-simple"},"aioseo_notices":[],"uagb_featured_image_src":{"full":["https:\/\/boatmanboat.fr\/wp-content\/uploads\/2025\/12\/11229826.jpg",1000,1000,false],"thumbnail":["https:\/\/boatmanboat.fr\/wp-content\/uploads\/2025\/12\/11229826-85x85.jpg",85,85,true],"medium":["https:\/\/boatmanboat.fr\/wp-content\/uploads\/2025\/12\/11229826-300x300.jpg",300,300,true],"medium_large":["https:\/\/boatmanboat.fr\/wp-content\/uploads\/2025\/12\/11229826-768x768.jpg",768,768,true],"large":["https:\/\/boatmanboat.fr\/wp-content\/uploads\/2025\/12\/11229826.jpg",1000,1000,false],"1536x1536":["https:\/\/boatmanboat.fr\/wp-content\/uploads\/2025\/12\/11229826.jpg",1000,1000,false],"2048x2048":["https:\/\/boatmanboat.fr\/wp-content\/uploads\/2025\/12\/11229826.jpg",1000,1000,false],"woocommerce_thumbnail":["https:\/\/boatmanboat.fr\/wp-content\/uploads\/2025\/12\/11229826-300x300.jpg",300,300,true],"woocommerce_single":["https:\/\/boatmanboat.fr\/wp-content\/uploads\/2025\/12\/11229826-600x600.jpg",600,600,true],"woocommerce_gallery_thumbnail":["https:\/\/boatmanboat.fr\/wp-content\/uploads\/2025\/12\/11229826-100x100.jpg",100,100,true],"yith-woocompare-image":["https:\/\/boatmanboat.fr\/wp-content\/uploads\/2025\/12\/11229826-154x154.jpg",154,154,true]},"uagb_author_info":{"display_name":"admin","author_link":"https:\/\/boatmanboat.fr\/?author=0"},"uagb_comment_info":0,"uagb_excerpt":"Le nouveau broyeur \u00e0 bouillettes et particules Boatman est \u00e9quip\u00e9 de 9 lames \u00ab \u00e9cureuil \u00bb en acier inoxydable.","jetpack_sharing_enabled":true,"_links":{"self":[{"href":"https:\/\/boatmanboat.fr\/index.php?rest_route=\/wp\/v2\/product\/2504","targetHints":{"allow":["GET"]}}],"collection":[{"href":"https:\/\/boatmanboat.fr\/index.php?rest_route=\/wp\/v2\/product"}],"about":[{"href":"https:\/\/boatmanboat.fr\/index.php?rest_route=\/wp\/v2\/types\/product"}],"replies":[{"embeddable":true,"href":"https:\/\/boatmanboat.fr\/index.php?rest_route=%2Fwp%2Fv2%2Fcomments&post=2504"}],"wp:featuredmedia":[{"embeddable":true,"href":"https:\/\/boatmanboat.fr\/index.php?rest_route=\/wp\/v2\/media\/2447"}],"wp:attachment":[{"href":"https:\/\/boatmanboat.fr\/index.php?rest_route=%2Fwp%2Fv2%2Fmedia&parent=2504"}],"wp:term":[{"taxonomy":"product_brand","embeddable":true,"href":"https:\/\/boatmanboat.fr\/index.php?rest_route=%2Fwp%2Fv2%2Fproduct_brand&post=2504"},{"taxonomy":"product_cat","embeddable":true,"href":"https:\/\/boatmanboat.fr\/index.php?rest_route=%2Fwp%2Fv2%2Fproduct_cat&post=2504"},{"taxonomy":"product_tag","embeddable":true,"href":"https:\/\/boatmanboat.fr\/index.php?rest_route=%2Fwp%2Fv2%2Fproduct_tag&post=2504"}],"curies":[{"name":"wp","href":"https:\/\/api.w.org\/{rel}","templated":true}]}}